{"id":94,"date":"2022-02-24T20:10:10","date_gmt":"2022-02-24T23:10:10","guid":{"rendered":"https:\/\/sinepe-rs.org.br\/educacaoempauta\/?page_id=94"},"modified":"2022-03-16T12:43:55","modified_gmt":"2022-03-16T15:43:55","slug":"politica-de-privacidade","status":"publish","type":"page","link":"https:\/\/sinepe-rs.org.br\/educacaoempauta\/politica-de-privacidade\/","title":{"rendered":"Pol\u00edtica de Privacidade"},"content":{"rendered":"\n<p>Essa Pol\u00edtica de Privacidade descreve as pr\u00e1ticas em rela\u00e7\u00e3o \u00e0 coleta de dados por meio do site www.sinepe-rs.org.br\/educacaoempauta onde o SINDICATO DOS ESTABELECIMENTOS DO ENSINO PRIVADO NO ESTADO DO RIO GRANDE DO SUL \u2013 SINEPE\/RS \u00e9 controlador dos dados coletados.<\/p>\n\n\n\n<p><\/p>\n\n\n\n<p><\/p>\n\n\n\n<p>\u00a0<br><strong>VIS\u00c3O GERAL<\/strong><br><\/p>\n\n\n\n<p>Essa Pol\u00edtica de Privacidade descreve as pr\u00e1ticas em rela\u00e7\u00e3o \u00e0 coleta de dados por meio do site www.sinepe-rs.org.br\/educacaoempauta. Esse site \u00e9 operado pelo SINDICATO DOS ESTABELECIMENTOS DO ENSINO PRIVADO NO ESTADO DO RIO GRANDE DO SUL \u2013 SINEPE\/RS ou simplesmente SINEPE\/RS, inscrito sob CNPJ 92.966.555\/0001-00, sediado na Av. Praia de Belas, n. 1212, conj. 1201, Bairro Praia de Belas, na cidade de Porto Alegre \/ RS.<\/p>\n\n\n\n<p><br>Em todo o site, os termos &#8220;n\u00f3s&#8221;, &#8220;nos&#8221; e &#8220;nosso&#8221; se referem ao SINEPE\/RS. O SINEPE\/RS proporciona esse site, incluindo todas as informa\u00e7\u00f5es, ferramentas e servi\u00e7os dispon\u00edveis para voc\u00ea, o <strong>USU\u00c1RIO<\/strong> \u2013 pessoa f\u00edsica ou jur\u00eddica que acessa o site \u2013 com a condi\u00e7\u00e3o da sua aceita\u00e7\u00e3o de todos os termos, condi\u00e7\u00f5es, pol\u00edticas e avisos declarados aqui.<\/p>\n\n\n\n<p>\u00a0<br><strong>1. DA ACEITA\u00c7\u00c3O<\/strong><\/p>\n\n\n\n<p><br>1.1. Ao acessar e\/ou utilizar o conte\u00fado do site <a href=\"http:\/\/www.sinepe-rs.org.br\/educacaoempauta\">www.sinepe-rs.org.br\/educacaoempauta<\/a> &nbsp;, o <strong>USU\u00c1RIO<\/strong> expressa sua aceita\u00e7\u00e3o plena e sem reservas aos termos aqui presentes, para todos os fins de direito. Assim, declara que fez leitura atenta e completa da presente Pol\u00edtica de Privacidade. Se o <strong>USU\u00c1RIO<\/strong> n\u00e3o concordar com algum dos termos e regras aqui previstos, n\u00e3o poder\u00e1 acessar e\/ou utilizar o conte\u00fado.&nbsp;<\/p>\n\n\n\n<p><br><strong>2. DOS DADOS OBTIDOS<\/strong><\/p>\n\n\n\n<p>\u00a0<br>2.1. Ao utilizar o site <a href=\"http:\/\/www.sinepe-rs.org.br\/\">www.sinepe-rs.org.br\/educacaoempauta<\/a> poder\u00e3o ser coletados dados de duas formas distintas:<br>2.1.1. Dados submetidos voluntariamente pelo <strong>USU\u00c1RIO<\/strong>, atrav\u00e9s de envio de formul\u00e1rios:<br>2.1.1.1. Formul\u00e1rio Assine nossa newsletter: dispon\u00edvel na URL \u00a0https:\/\/sinepe-rs.org.br\/educacaoempauta\/ onde coletamos nome e e-mail.\u00a0<\/p>\n\n\n\n<p>2.1.1.2. Link Fale conosco dispon\u00edvel na URL <a href=\"https:\/\/www.sinepe-rs.org.br\/\">https:\/\/www.sinepe-rs.org.br\/educacaoempauta<\/a>, onde coletamos nome e e-mail.<\/p>\n\n\n\n<p><br>2.1.2. Dados obtidos atrav\u00e9s de <strong>Cookies<\/strong>:<\/p>\n\n\n\n<p>&nbsp;<br>2.1.2.1. Nosso site usa cookies. Um cookie \u00e9 um arquivo que cont\u00e9m um identificador (uma sequ\u00eancia de letras e n\u00fameros) que \u00e9 enviado por um servidor para o navegador utilizado pelo <strong>USU\u00c1RIO<\/strong> e \u00e9 armazenado pelo navegador. O identificador \u00e9 ent\u00e3o enviado de volta ao servidor toda vez que o navegador solicita acesso a uma p\u00e1gina do site Educa\u00e7\u00e3o em Pauta. Os cookies podem ser cookies &#8220;persistentes&#8221; ou cookies de &#8220;sess\u00e3o&#8221;: um cookie persistente ser\u00e1 armazenado por um navegador da Web e permanecer\u00e1 v\u00e1lido at\u00e9 a data de vencimento definida, a menos que seja exclu\u00eddo pelo <strong>USU\u00c1RIO<\/strong> antes da data de vencimento; um cookie de sess\u00e3o, por outro lado, expirar\u00e1 no final da sess\u00e3o do USU\u00c1RIO, quando o navegador da web for fechado. Os cookies normalmente n\u00e3o cont\u00eam nenhuma informa\u00e7\u00e3o que identifique pessoalmente um USU\u00c1RIO, mas as informa\u00e7\u00f5es pessoais que armazenamos sobre o <strong>USU\u00c1RIO<\/strong> podem estar vinculadas \u00e0s informa\u00e7\u00f5es armazenadas e obtidas a partir de cookies. Usamos cookies persistentes em nosso site. Os nomes dos cookies que usamos em nosso site e os prop\u00f3sitos para os quais s\u00e3o usados \u200b\u200best\u00e3o descritos abaixo:&nbsp;<\/p>\n\n\n\n<p>\u00a0<br>2.1.2.1.1. Cookies Estritamente Necess\u00e1rios: S\u00e3o aqueles cookies que permitem a voc\u00ea navegar pelo site e usar recursos essenciais, como \u00e1reas seguras, por exemplo. Esses cookies n\u00e3o guardam quaisquer informa\u00e7\u00f5es sobre o <strong>USU\u00c1RIO<\/strong> que possam ser usadas em a\u00e7\u00f5es de comunica\u00e7\u00e3o de produto ou servi\u00e7o ou para lembrar as p\u00e1ginas navegadas no site. Eles s\u00e3o usados para identificar como um <strong>USU\u00c1RIO<\/strong> est\u00e1 conectado ao site <a href=\"http:\/\/www.sinepe-rs.org.br\/\">www.sinepe-rs.org.br\/educacaoempauta<\/a>;\u00a0 lembrar de informa\u00e7\u00f5es que digitadas previamente para pr\u00e9-preencher formul\u00e1rios; Certificar-se de que o <strong>USU\u00c1RIO<\/strong> se conecta ao servi\u00e7o correto em nosso site quando fizermos alguma mudan\u00e7a na forma como ele funciona.<br><\/p>\n\n\n\n<p>2.1.2.1.2. Cookies de segmenta\u00e7\u00e3o: Os cookies de &#8220;Segmenta\u00e7\u00e3o&#8221; est\u00e3o ligados aos servi\u00e7os prestados por terceiros, tais como, por exemplo, bot\u00f5es de &#8220;Like&#8221; e bot\u00f5es de &#8220;Compartilhar&#8221; contidos em outros sites que n\u00e3o o do <strong>Educa\u00e7\u00e3o em Pauta<\/strong>. O terceiro fornece esses servi\u00e7os por reconhecer que o <strong>USU\u00c1RIO<\/strong> visitou nosso site, mas de maneira nenhuma se confunde com o SINEPE\/RS em si. Os cookies s\u00e3o usados para conectar-se a redes sociais como o Facebook e Linkedin que, por serem terceiros e pelos quais n\u00e3o temos controle, poder\u00e3o, posteriormente, utilizar as informa\u00e7\u00f5es sobre a visita do <strong>USU\u00c1RIO<\/strong> para direcionar publicidade de seu interesse em outros sites.<br><\/p>\n\n\n\n<p>2.1.2.1.3. Cookies de funcionalidade: Os cookies de &#8220;Funcionalidade&#8221; s\u00e3o usados para fornecer servi\u00e7os ou para lembrar defini\u00e7\u00f5es de navega\u00e7\u00f5es de forma a melhorar a visita do <strong>USU\u00c1RIO<\/strong>. Eles s\u00e3o usados para lembrar eventualmente das configura\u00e7\u00f5es&nbsp; aplicadas, como layout, tamanho do texto, prefer\u00eancias e cores; lembrar eventualmente se j\u00e1 perguntamos se o <strong>USU\u00c1RIO<\/strong> deseja preencher uma pesquisa para que, dessa forma, n\u00e3o precisemos perguntar reiteradas vezes.<br>2.1.2.1.4. Cookies de desempenho: Os cookies de &#8220;Desempenho&#8221; coletam informa\u00e7\u00f5es sobre como o <strong>USU\u00c1RIO<\/strong> usa o nosso site, por exemplo, quais p\u00e1ginas foram visitadas, se elas possuem erros, quanto tempo o <strong>USU\u00c1RIO<\/strong> permanece em uma p\u00e1gina etc. Esses cookies n\u00e3o coletam quaisquer informa\u00e7\u00f5es que possam identificar um <strong>USU\u00c1RIO<\/strong>. Toda a informa\u00e7\u00e3o coletada \u00e9 realizada de forma codificada, an\u00f4nima e somente usada para ajudar a melhorar a forma como o nosso site funciona, entender o que interessa aos nossos <strong>usu\u00e1rios<\/strong> e medir a efic\u00e1cia da nossa comunica\u00e7\u00e3o. Os cookies de desempenho s\u00e3o usados para a) Fornecer estat\u00edsticas sobre como nosso site \u00e9 utilizado; b) Verificar a efici\u00eancia da nossa comunica\u00e7\u00e3o, n\u00e3o utilizando dessa informa\u00e7\u00e3o para direcionamento de an\u00fancios quando em visita a outros sites; c) Ajudar na melhoria de nosso site pela medi\u00e7\u00e3o de erros que eventualmente possam ocorrer; d) Realizar melhorias e aperfei\u00e7oamentos em nosso site decorrentes do comportamento de navega\u00e7\u00e3o de nossos usu\u00e1rios.&nbsp;<\/p>\n\n\n\n<p><br><br>A maioria dos navegadores permite que voc\u00ea se recuse a aceitar cookies, mas refor\u00e7amos que o bloqueio de todos os cookies ter\u00e1 um impacto negativo na usabilidade de muitos sites. Se voc\u00ea bloquear os cookies, sua experi\u00eancia de navega\u00e7\u00e3o ser\u00e1 prejudicada.<\/p>\n\n\n\n<p><br><strong>3. DO USO DOS DADOS<\/strong><\/p>\n\n\n\n<p>&nbsp;<br>3.1. Podemos utilizar os dados que foram coletados e os registros das atividades no site www.sinepe-rs.org.br\/educacaoempauta para as seguintes finalidades:&nbsp;<\/p>\n\n\n\n<ul class=\"wp-block-list\"><li>contato com potenciais associados<\/li><li>envio de newsletter<\/li><li>an\u00e1lise estat\u00edstica de resultados<\/li><li>aperfei\u00e7oamento dos servi\u00e7os no site<\/li><li>melhora do conte\u00fado informado<\/li><li>cumprimento de ordem judicial ou requerimento administrativo<\/li><\/ul>\n\n\n\n<p><br>3.1.1. O consentimento referente \u00e0 coleta de dados fornecido pelo <strong>USU\u00c1RIO<\/strong> \u00e9 coletado de forma livre, expressa, individual, clara, espec\u00edfica e leg\u00edtima.<\/p>\n\n\n\n<p>3.1.1.1. Caso o <strong>USU\u00c1RIO<\/strong> n\u00e3o conceda seu consentimento para capta\u00e7\u00e3o de dados atrav\u00e9s de formul\u00e1rios, os servi\u00e7os n\u00e3o lhe ser\u00e3o disponibilizados.<\/p>\n\n\n\n<p>&nbsp;<br>3.2. O <strong>USU\u00c1RIO<\/strong> poder\u00e1 realizar o gerenciamento de permiss\u00f5es no tocante \u00e0 utiliza\u00e7\u00e3o de seus dados, por meio do canal de atendimento indicado no item 9.1. abaixo.&nbsp;<\/p>\n\n\n\n<p><br>3.3. Os dados coletados e as atividades registradas tamb\u00e9m poder\u00e3o ser compartilhados com autoridades judiciais, administrativas ou governamentais competentes, sempre que houver requerimento, requisi\u00e7\u00e3o ou ordem judicial.<\/p>\n\n\n\n<p>&nbsp;<br>3.4. Internamente, os dados de nossos <strong>USU\u00c1RIOS<\/strong> s\u00e3o acessados somente por profissionais devidamente autorizados, respeitando os princ\u00edpios de proporcionalidade, necessidade e relev\u00e2ncia para os nossos objetivos, al\u00e9m do compromisso de confidencialidade e preserva\u00e7\u00e3o da privacidade nos termos desta Pol\u00edtica de Privacidade.&nbsp;<\/p>\n\n\n\n<p><br><strong>4. DO ARMAZENAMENTO DOS DADOS<\/strong><\/p>\n\n\n\n<p>&nbsp;<br>4.1. Os dados e os registros de atividades coletados ser\u00e3o armazenados em ambiente seguro e controlado, pelo prazo m\u00ednimo de 5 (cinco) anos, observado o estado da t\u00e9cnica dispon\u00edvel. Todavia, considerando que nenhum sistema de seguran\u00e7a \u00e9 infal\u00edvel, nos eximimos de quaisquer responsabilidades por eventuais danos e\/ou preju\u00edzos decorrentes de falhas, v\u00edrus ou invas\u00f5es do nosso banco de dados, salvo nos casos em que tiver dolo ou culpa.&nbsp;<\/p>\n\n\n\n<p>&nbsp;<br>4.2. Os dados poder\u00e3o ser exclu\u00eddos antes desse prazo, caso haja solicita\u00e7\u00e3o do <strong>USU\u00c1RIO<\/strong>.&nbsp;<\/p>\n\n\n\n<p><br>4.2.1. No entanto, por motivo de lei e\/ou determina\u00e7\u00e3o judicial os dados podem ser mantidos por per\u00edodo superior, findo o qual, ser\u00e3o exclu\u00eddos com uso de m\u00e9todos de descarte seguro.<\/p>\n\n\n\n<p>&nbsp;<br>4.3. Os dados coletados s\u00e3o armazenados em servidor externo contratado para armazenar os nossos dados, o que pode ensejar, nessa situa\u00e7\u00e3o, a transfer\u00eancia ou processamento dos dados fora do Brasil, em pa\u00edses terceiros.&nbsp;<\/p>\n\n\n\n<p><strong>5. DA EXIBI\u00c7\u00c3O, RETIFICA\u00c7\u00c3O E EXCLUS\u00c3O DE DADOS<\/strong><\/p>\n\n\n\n<p>&nbsp;<br>5.1. O <strong>USU\u00c1RIO<\/strong> poder\u00e1 solicitar a exibi\u00e7\u00e3o ou retifica\u00e7\u00e3o de seus dados pessoais, por meio do e-mail <a href=\"mailto:sinepe@sinepe-rs.org.br\">educacaoempauta@sinepe-rs.org.br<\/a><\/p>\n\n\n\n<p>&nbsp;<br>5.2. Pela mesma ferramenta de atendimento o <strong>USU\u00c1RIO<\/strong> pode: (i) requerer a limita\u00e7\u00e3o do uso de seus dados pessoais; (ii) manifestar sua oposi\u00e7\u00e3o ao uso de seus dados pessoais, ou (iii) solicitar a exclus\u00e3o de seus dados pessoais coletados e registrados pelo SINEPE.<\/p>\n\n\n\n<p>5.2.1 Caso o <strong>USU\u00c1RIO<\/strong> retire seu consentimento para finalidades fundamentais ao regular funcionamento site www.sinepe-rs.org.br\/educacaoempauta os servi\u00e7os e funcionalidades do site poder\u00e3o ficar indispon\u00edveis para esse <strong>USU\u00c1RIO<\/strong>.<\/p>\n\n\n\n<p>&nbsp;<br>5.3. Podemos, para fins de auditoria, seguran\u00e7a, controle de fraudes e preserva\u00e7\u00e3o de direitos, permanecer com o hist\u00f3rico de registro dos dados de nossos <strong>USU\u00c1RIOS<\/strong> por prazo maior nas hip\u00f3teses que a lei ou norma regulat\u00f3ria assim estabelecer ou para preserva\u00e7\u00e3o de direitos. Contudo, temos a faculdade de exclu\u00ed-los definitivamente segundo nossa conveni\u00eancia em prazo menor.<\/p>\n\n\n\n<p>&nbsp;<br><strong>6. DA ISEN\u00c7\u00c3O DE RESPONSABILIDADE<\/strong><\/p>\n\n\n\n<p>6.1. Ao navegar no site, o <strong>USU\u00c1RIO<\/strong> poder\u00e1 ser conduzido, via hyperlink, a conte\u00fados ou servi\u00e7os, a outros portais ou plataformas que poder\u00e3o coletar suas informa\u00e7\u00f5es e ter sua pr\u00f3pria Pol\u00edtica de Privacidade. Hyperlinks externos n\u00e3o constituem endosso pelo SINEPE\/RS dos sites\/ambientes vinculados ou as informa\u00e7\u00f5es, produtos ou servi\u00e7os ali contidos.&nbsp;<\/p>\n\n\n\n<p><br>6.2. O SINEPE\/RS n\u00e3o concede qualquer garantia relacionada \u00e0 disponibilidade ou continuidade de funcionamento do site <a href=\"http:\/\/www.sinepe-rs.org.br\/\">www.sinepe-rs.org.br\/educacaoempauta<\/a> e. Al\u00e9m disso, consideradas as caracter\u00edsticas da internet, o SINEPE\/RS n\u00e3o garante a seguran\u00e7a e privacidade do conte\u00fado fora do dom\u00ednio <a href=\"http:\/\/www.sinepe-rs.org.br\/\">www.sinepe-rs.org.br\/educacaoempauta<\/a> nem que o mesmo ser\u00e1 ininterrupto, livre de v\u00edrus ou outros problemas, erros e ataques e, em particular, n\u00e3o garante que terceiros n\u00e3o autorizados n\u00e3o possam acessar e, eventualmente, interceptar, eliminar, alterar, modificar ou manipular de qualquer modo os dados presentes e\/ou transmitidos a seus servidores.<\/p>\n\n\n\n<p>&nbsp;<br><strong>7. DAS DISPOSI\u00c7\u00d5ES GERAIS<\/strong><\/p>\n\n\n\n<p>\u00a0<br>7.1. Podemos alterar o teor desta Pol\u00edtica de Privacidade a qualquer momento, conforme a finalidade ou necessidade, tal qual para adequa\u00e7\u00e3o e conformidade legal de disposi\u00e7\u00e3o de lei ou norma que tenha for\u00e7a jur\u00eddica equivalente, cabendo ao nosso <strong>USU\u00c1RIO<\/strong> verific\u00e1-la sempre que efetuar o acesso ao site <a href=\"http:\/\/www.sinepe-rs.org.br\/\">www.sinepe-rs.org.br\/educacaoempauta<\/a>.\u00a0<\/p>\n\n\n\n<p>7.1.1. Ocorrendo atualiza\u00e7\u00f5es significativas neste documento e que demandem coleta de consentimento, o SINEPE\/RS notificar\u00e1 o <strong>USU\u00c1RIO<\/strong> pelo e-mail fornecido.<\/p>\n\n\n\n<p>&nbsp;<br>7.2. Caso haja alguma d\u00favida sobre as condi\u00e7\u00f5es estabelecidas nesta Pol\u00edtica de Privacidade ou qualquer documento do SINEPE\/RS, por favor entre em contato por meio dos canais de atendimento.&nbsp;<\/p>\n\n\n\n<p><br>7.3. Caso alguma disposi\u00e7\u00e3o desta Pol\u00edtica de Privacidade seja considerada ilegal ou ileg\u00edtima por autoridade da localidade em que o nosso <strong>USU\u00c1RIO<\/strong> resida ou da sua conex\u00e3o \u00e0 Internet, as demais condi\u00e7\u00f5es permanecer\u00e3o em pleno vigor e efeito.<\/p>\n\n\n\n<p>&nbsp;<br>7.4. O <strong>USU\u00c1RIO<\/strong> reconhece que toda comunica\u00e7\u00e3o realizada por e-mail (aos endere\u00e7os por ele informados), SMS, aplicativos de comunica\u00e7\u00e3o instant\u00e2nea ou qualquer outra forma digital e virtual tamb\u00e9m s\u00e3o v\u00e1lidas como prova documental, sendo eficazes e suficientes para a divulga\u00e7\u00e3o de qualquer assunto que se refira aos servi\u00e7os prestados pelo SINEPE\/RS, bem como \u00e0s condi\u00e7\u00f5es de sua presta\u00e7\u00e3o, ressalvadas as disposi\u00e7\u00f5es expressamente diversas previstas nesta Pol\u00edtica de Privacidade.<\/p>\n\n\n\n<p><strong>8. DA JURISDI\u00c7\u00c3O<\/strong><\/p>\n\n\n\n<p><br>8.1. Esta Pol\u00edtica de Privacidade e a rela\u00e7\u00e3o decorrente das a\u00e7\u00f5es aqui compreendidas, assim como qualquer disputa que surja em virtude disto, ser\u00e1 regulada exclusivamente pela legisla\u00e7\u00e3o brasileira.<\/p>\n\n\n\n<p>&nbsp;<br>8.2. Fica eleito o Foro da Comarca de Porto Alegre\/RS para dirimir qualquer quest\u00e3o envolvendo o presente documento, renunciando as partes a qualquer outro, por mais privilegiado que seja ou venha a ser.<\/p>\n\n\n\n<p><br><strong>9. DO CONTATO<\/strong><br>9.1. As perguntas sobre a Pol\u00edtica de Privacidade devem ser enviadas para n\u00f3s atrav\u00e9s do e-mail <a href=\"mailto:sinepe@sinepe-rs.org.br\">educacaoempauta@sinepe-rs.org.br<\/a><\/p>\n","protected":false},"excerpt":{"rendered":"<p>Essa Pol\u00edtica de Privacidade descreve as pr\u00e1ticas em rela\u00e7\u00e3o \u00e0 [&hellip;]<\/p>\n","protected":false},"author":1,"featured_media":0,"parent":0,"menu_order":0,"comment_status":"closed","ping_status":"closed","template":"","meta":{"footnotes":""},"categories":[],"tags":[],"class_list":["post-94","page","type-page","status-publish","hentry"],"acf":[],"yoast_head":"<!-- This site is optimized with the Yoast SEO plugin v24.6 - https:\/\/yoast.com\/wordpress\/plugins\/seo\/ -->\n<title>Pol\u00edtica de Privacidade - Educa\u00e7\u00e3o em Pauta: Portal de reportagens de Educa\u00e7\u00e3o<\/title>\n<meta name=\"robots\" content=\"index, follow, max-snippet:-1, max-image-preview:large, max-video-preview:-1\" \/>\n<link rel=\"canonical\" href=\"https:\/\/sinepe-rs.org.br\/educacaoempauta\/politica-de-privacidade\/\" \/>\n<meta property=\"og:locale\" content=\"pt_BR\" \/>\n<meta property=\"og:type\" content=\"article\" \/>\n<meta property=\"og:title\" content=\"Pol\u00edtica de Privacidade - Educa\u00e7\u00e3o em Pauta: Portal de reportagens de Educa\u00e7\u00e3o\" \/>\n<meta property=\"og:description\" content=\"Essa Pol\u00edtica de Privacidade descreve as pr\u00e1ticas em rela\u00e7\u00e3o \u00e0 [&hellip;]\" \/>\n<meta property=\"og:url\" content=\"https:\/\/sinepe-rs.org.br\/educacaoempauta\/politica-de-privacidade\/\" \/>\n<meta property=\"og:site_name\" content=\"Educa\u00e7\u00e3o em Pauta: Portal de reportagens de Educa\u00e7\u00e3o\" \/>\n<meta property=\"article:modified_time\" content=\"2022-03-16T15:43:55+00:00\" \/>\n<meta property=\"og:image\" content=\"https:\/\/sinepe-rs.org.br\/educacaoempauta\/wp-content\/uploads\/2022\/04\/sinepe_educacao_pauta_curvas_alta.png\" \/>\n\t<meta property=\"og:image:width\" content=\"1921\" \/>\n\t<meta property=\"og:image:height\" content=\"582\" \/>\n\t<meta property=\"og:image:type\" content=\"image\/png\" \/>\n<meta name=\"twitter:card\" content=\"summary_large_image\" \/>\n<meta name=\"twitter:label1\" content=\"Est. tempo de leitura\" \/>\n\t<meta name=\"twitter:data1\" content=\"11 minutos\" \/>\n<script type=\"application\/ld+json\" class=\"yoast-schema-graph\">{\"@context\":\"https:\/\/schema.org\",\"@graph\":[{\"@type\":\"WebPage\",\"@id\":\"https:\/\/sinepe-rs.org.br\/educacaoempauta\/politica-de-privacidade\/\",\"url\":\"https:\/\/sinepe-rs.org.br\/educacaoempauta\/politica-de-privacidade\/\",\"name\":\"Pol\u00edtica de Privacidade - Educa\u00e7\u00e3o em Pauta: Portal de reportagens de Educa\u00e7\u00e3o\",\"isPartOf\":{\"@id\":\"https:\/\/sinepe-rs.org.br\/educacaoempauta\/#website\"},\"datePublished\":\"2022-02-24T23:10:10+00:00\",\"dateModified\":\"2022-03-16T15:43:55+00:00\",\"breadcrumb\":{\"@id\":\"https:\/\/sinepe-rs.org.br\/educacaoempauta\/politica-de-privacidade\/#breadcrumb\"},\"inLanguage\":\"pt-BR\",\"potentialAction\":[{\"@type\":\"ReadAction\",\"target\":[\"https:\/\/sinepe-rs.org.br\/educacaoempauta\/politica-de-privacidade\/\"]}]},{\"@type\":\"BreadcrumbList\",\"@id\":\"https:\/\/sinepe-rs.org.br\/educacaoempauta\/politica-de-privacidade\/#breadcrumb\",\"itemListElement\":[{\"@type\":\"ListItem\",\"position\":1,\"name\":\"Home\",\"item\":\"https:\/\/sinepe-rs.org.br\/educacaoempauta\/\"},{\"@type\":\"ListItem\",\"position\":2,\"name\":\"Pol\u00edtica de Privacidade\"}]},{\"@type\":\"WebSite\",\"@id\":\"https:\/\/sinepe-rs.org.br\/educacaoempauta\/#website\",\"url\":\"https:\/\/sinepe-rs.org.br\/educacaoempauta\/\",\"name\":\"Educa\u00e7\u00e3o em Pauta: Portal de reportagens de Educa\u00e7\u00e3o\",\"description\":\"Sinepe-RS\",\"potentialAction\":[{\"@type\":\"SearchAction\",\"target\":{\"@type\":\"EntryPoint\",\"urlTemplate\":\"https:\/\/sinepe-rs.org.br\/educacaoempauta\/?s={search_term_string}\"},\"query-input\":{\"@type\":\"PropertyValueSpecification\",\"valueRequired\":true,\"valueName\":\"search_term_string\"}}],\"inLanguage\":\"pt-BR\"}]}<\/script>\n<!-- \/ Yoast SEO plugin. -->","yoast_head_json":{"title":"Pol\u00edtica de Privacidade - Educa\u00e7\u00e3o em Pauta: Portal de reportagens de Educa\u00e7\u00e3o","robots":{"index":"index","follow":"follow","max-snippet":"max-snippet:-1","max-image-preview":"max-image-preview:large","max-video-preview":"max-video-preview:-1"},"canonical":"https:\/\/sinepe-rs.org.br\/educacaoempauta\/politica-de-privacidade\/","og_locale":"pt_BR","og_type":"article","og_title":"Pol\u00edtica de Privacidade - Educa\u00e7\u00e3o em Pauta: Portal de reportagens de Educa\u00e7\u00e3o","og_description":"Essa Pol\u00edtica de Privacidade descreve as pr\u00e1ticas em rela\u00e7\u00e3o \u00e0 [&hellip;]","og_url":"https:\/\/sinepe-rs.org.br\/educacaoempauta\/politica-de-privacidade\/","og_site_name":"Educa\u00e7\u00e3o em Pauta: Portal de reportagens de Educa\u00e7\u00e3o","article_modified_time":"2022-03-16T15:43:55+00:00","og_image":[{"width":1921,"height":582,"url":"https:\/\/sinepe-rs.org.br\/educacaoempauta\/wp-content\/uploads\/2022\/04\/sinepe_educacao_pauta_curvas_alta.png","type":"image\/png"}],"twitter_card":"summary_large_image","twitter_misc":{"Est. tempo de leitura":"11 minutos"},"schema":{"@context":"https:\/\/schema.org","@graph":[{"@type":"WebPage","@id":"https:\/\/sinepe-rs.org.br\/educacaoempauta\/politica-de-privacidade\/","url":"https:\/\/sinepe-rs.org.br\/educacaoempauta\/politica-de-privacidade\/","name":"Pol\u00edtica de Privacidade - Educa\u00e7\u00e3o em Pauta: Portal de reportagens de Educa\u00e7\u00e3o","isPartOf":{"@id":"https:\/\/sinepe-rs.org.br\/educacaoempauta\/#website"},"datePublished":"2022-02-24T23:10:10+00:00","dateModified":"2022-03-16T15:43:55+00:00","breadcrumb":{"@id":"https:\/\/sinepe-rs.org.br\/educacaoempauta\/politica-de-privacidade\/#breadcrumb"},"inLanguage":"pt-BR","potentialAction":[{"@type":"ReadAction","target":["https:\/\/sinepe-rs.org.br\/educacaoempauta\/politica-de-privacidade\/"]}]},{"@type":"BreadcrumbList","@id":"https:\/\/sinepe-rs.org.br\/educacaoempauta\/politica-de-privacidade\/#breadcrumb","itemListElement":[{"@type":"ListItem","position":1,"name":"Home","item":"https:\/\/sinepe-rs.org.br\/educacaoempauta\/"},{"@type":"ListItem","position":2,"name":"Pol\u00edtica de Privacidade"}]},{"@type":"WebSite","@id":"https:\/\/sinepe-rs.org.br\/educacaoempauta\/#website","url":"https:\/\/sinepe-rs.org.br\/educacaoempauta\/","name":"Educa\u00e7\u00e3o em Pauta: Portal de reportagens de Educa\u00e7\u00e3o","description":"Sinepe-RS","potentialAction":[{"@type":"SearchAction","target":{"@type":"EntryPoint","urlTemplate":"https:\/\/sinepe-rs.org.br\/educacaoempauta\/?s={search_term_string}"},"query-input":{"@type":"PropertyValueSpecification","valueRequired":true,"valueName":"search_term_string"}}],"inLanguage":"pt-BR"}]}},"_links":{"self":[{"href":"https:\/\/sinepe-rs.org.br\/educacaoempauta\/wp-json\/wp\/v2\/pages\/94","targetHints":{"allow":["GET"]}}],"collection":[{"href":"https:\/\/sinepe-rs.org.br\/educacaoempauta\/wp-json\/wp\/v2\/pages"}],"about":[{"href":"https:\/\/sinepe-rs.org.br\/educacaoempauta\/wp-json\/wp\/v2\/types\/page"}],"author":[{"embeddable":true,"href":"https:\/\/sinepe-rs.org.br\/educacaoempauta\/wp-json\/wp\/v2\/users\/1"}],"replies":[{"embeddable":true,"href":"https:\/\/sinepe-rs.org.br\/educacaoempauta\/wp-json\/wp\/v2\/comments?post=94"}],"version-history":[{"count":10,"href":"https:\/\/sinepe-rs.org.br\/educacaoempauta\/wp-json\/wp\/v2\/pages\/94\/revisions"}],"predecessor-version":[{"id":638,"href":"https:\/\/sinepe-rs.org.br\/educacaoempauta\/wp-json\/wp\/v2\/pages\/94\/revisions\/638"}],"wp:attachment":[{"href":"https:\/\/sinepe-rs.org.br\/educacaoempauta\/wp-json\/wp\/v2\/media?parent=94"}],"wp:term":[{"taxonomy":"category","embeddable":true,"href":"https:\/\/sinepe-rs.org.br\/educacaoempauta\/wp-json\/wp\/v2\/categories?post=94"},{"taxonomy":"post_tag","embeddable":true,"href":"https:\/\/sinepe-rs.org.br\/educacaoempauta\/wp-json\/wp\/v2\/tags?post=94"}],"curies":[{"name":"wp","href":"https:\/\/api.w.org\/{rel}","templated":true}]}}